 divided by h?
42
Calculate the remainder when 1230 is divided by (708/15)/(((-418)/(-55))/19).
50
Suppose -79 = -5*f + 4*g, 0*g = 2*g + 2. Calculate the remainder when (-13144)/530*(-5)/2 is divided by f.
2
Suppose -26563*b + 16230 = -26533*b. What is the remainder when b is divided by 110?
101
Let o(u) = -2*u**2 + 12*u + 198. What is the remainder when 7375 is divided by o(13)?
15
Let y(p) = -10*p**3 + 2*p**2 - p - 6. Let m be y(-2). Let z = m - 63. Calculate the remainder when z is divided by 6.
3
Suppose -2*l - 2*n + 27 = -3, 2*l = -n + 26. What is the remainder when 123 is divided by l?
2
Let z be (16/(-6) + 3)/(2/18). Let b(w) = -2*w**3 - 72 - w + z*w + 83 - 9*w**2. Calculate the remainder when 154 is divided by b(-5).
24
Calculate the remainder when 1423 is divided by 15236/546 + 12/126.
23
Let s = 168 + -158. Suppose -911 = -3*w - k, -5*w - s*k + 12*k = -1533. Calculate the remainder when w is divided by 103.
99
Let q be 20/(-70) + (310/7 - 1). Let j(s) = 5*s**2 - s - 1. Let k be j(2). Suppose k - q = -2*t. What is the remainder when 63 is divided by t?
11
Suppose 356 = 22*h - 18*h + 4*r, -4*h = 3*r - 361. Calculate the remainder when 734 is divided by h.
76
Suppose 20604 - 17404 = 62*c - 25320. What is the remainder when c is divided by 13?
5
Suppose 4*r + 2*q - 4718 = 0, -110*r + 4*q = -114*r + 4716. Calculate the remainder when r is divided by 248.
188
Suppose 27*d + 1704 = 24*d. Let b be d/(-5) + 28/70. Let h = b - 58. What is the remainder when h is divided by 30?
26
Suppose c + 638 = 3*n, 2708 = n + 3*c + 2522. What is the remainder when 550 is divided by n?
130
Let a = -38 - -50. Suppose 3*c + 5*w = a, 2*c - 6*c = 2*w - 16. Suppose -t = -g + 37, -c*t = -0*g - 5*g + 182. Calculate the remainder when g is divided by 12.
10
Let o be ((-114)/(-12) - 6)*2. Suppose 3*p + 311 = o*p + 3*u, u = 4*p - 291. What is the remainder when p is divided by 40?
34
Let s(m) = 13*m**3 - 243*m**2 + 1106*m - 16. Let g = 556 + -158. Suppose 3*f + g = 5*f. What is the remainder when f is divided by s(11)?
49
What is the remainder when 1078 is divided by 25/30*-3*240/(-50)?
10
What is the remainder when ((-10)/(-8) + (-26)/104)*514 is divided by 138?
100
Suppose 775 = w + o, -4*w + 1252 = -o - 1858. Let h = -754 + w. Calculate the remainder when ((-6)/(-4))/((-3)/(-220)) is divided by h.
18
Suppose -2*u = -5*r + 7*r - 1956, -4*r = -16. Suppose 0 = -26*f - u + 3860. What is the remainder when f is divided by 59?
52
Suppose 3*m + 58 - 163 = 0. Let a = -274 + 276. Suppose -k - 138 = -a*k. What is the remainder when k is divided by m?
33
Let r be ((-864)/42)/4*7. What is the remainder when (-1162)/(-22) + r/(-198) is divided by 19?
15
Suppose -26*q = -b - 22*q + 1682, 4*q = -16. What is the remainder when b is divided by 54?
46
Let q(u) = -u**2 + 37*u - 328. Suppose -a = 2*s - 37, 0 = -4*a + 3*s - 0*s + 203. What is the remainder when a is divided by q(21)?
7
Let z(y) = -5*y**2 + y - 11. Let p(g) = -4*g**2 + 3*g - 11. Let m(w) = 6*p(w) - 5*z(w). Calculate the remainder when 967 is divided by m(4).
55
Let g = 13 - 21. Let f(k) = 3*k**2 + 20*k. What is the remainder when (6 - 20)*-27*1/2 is divided by f(g)?
29
Let v be (-19)/1*2/2. Suppose d - 177 = -2*f - 144, 18*f - 117 = 3*d. What is the remainder when -4*v/2 + 2 is divided by f?
4
Suppose 3*c = -3*c - 1026. Let r be -2*(-6)/(-8) + c/2. Let w = -72 - r. What is the remainder when w is divided by 6?
3
Suppose 8*z = 14*z - 1656. Let o = -708 - -779. What is the remainder when z is divided by o?
63
Suppose -q + 5*o = -4, 4 = 2*o - 2. Suppose 4*u = 3*u + q. Suppose 0 = -2*c + 6 + 8. What is the remainder when u is divided by c?
5
Suppose -i + 24 = 2*t - 2*i, 4*t - 28 = -3*i. Let h(l) = l**3 + l**2 + 2*l - 45. Let d be h(0). Let f = -29 - d. Calculate the remainder when f is divided by t.
6
What is the remainder when 319 is divided by 9/((-54)/132*44/(-24))?
7
Suppose -130*p + 36 = -128*p. Calculate the remainder when 8241 is divided by p.
15
Suppose 3*w = 2*c - 5083, 6*c + 2*w = 7*c - 2541. What is the remainder when c is divided by 106?
105
Let m(r) = 372*r - 3711. Calculate the remainder when m(10) is divided by 12/2 - 4/2.
1
Let x(i) = 74*i**2 - 14*i**2 - 10*i + 10 - 52*i**2. Let m be -4*(-2 + (-2)/(-2)). What is the remainder when x(m) is divided by 25?
23
Suppose 12*r - 915 - 369 = 0. What is the remainder when 952 is divided by r?
96
Let w = 244 + -151. What is the remainder when w is divided by (1*-4)/(-3*1/9)?
9
Let s be (-225)/(-50)*784/(-6). Let w = 850 + s. Calculate the remainder when w is divided by 19.
15
Let y = -47 - -70. Suppose -4*f - 4*n = -n - 461, -n + 455 = 4*f. What is the remainder when f is divided by y?
21
Suppose m = -4*m - 65. Let c = 42 + m. Suppose -2*p + c - 7 = 0. Calculate the remainder when 19 is divided by p.
8
Calculate the remainder when 0 + 1579 + (14 - 12) is divided by 16.
13
Suppose -8*b - 2709 = b. Let t = b - -303. Calculate the remainder when t is divided by 2.
0
Suppose 3 = -b + 5*b + a, 4*a + 10 = -5*b. Calculate the remainder when 283 is divided by b.
1
Let v(q) = q**3 + 8*q**2 + 4*q + 1. Let r(y) = -y**3 + 11*y**2 + 10*y - 11. Let j be r(12). Let s = j - -28. Calculate the remainder when v(s) is divided by 5.
2
Let o = -32 + -132. Let d = o + 178. What is the remainder when 66 is divided by d?
10
Suppose 276*p + 47795 = 331*p. What is the remainder when p is divided by 175?
169
Suppose 6*p = 20*o - 16*o - 54, 52 = 4*o - 4*p. What is the remainder when 297 is divided by o?
9
Suppose 5*v = -2*q + 68, 4*v + 0*q - q - 44 = 0. Let o(w) = -w**2 + 12*w - 1. Let p be o(v). Calculate the remainder when 18 is divided by -2 + (p - -3) + 7.
4
Let t(z) = -3*z**2 - 149*z - 191. What is the remainder when t(-48) is divided by 27?
22
Let u(z) = z**2 - 63*z + 611. What is the remainder when 539 is divided by u(11)?
32
Suppose -4*n - o + 0*o = -305, n + 4*o = 80. Calculate the remainder when n is divided by ((-1)/2)/((-5)/110).
10
Suppose 3*y + 0*y + 141 = 3*t, 2*y - 263 = -5*t. Let x = 31 + -7. Calculate the remainder when t is divided by x.
3
Suppose 3 = 3*a - 0. Let d(p) be the first derivative of 3*p**2/2 - p + 66. What is the remainder when 5 is divided by d(a)?
1
Suppose -10*s - v = -14*s + 25, -3*s = 6*v - 12. What is the remainder when 2127 is divided by s?
3
Let v(t) = -4*t - 118. Let f be v(-30). Suppose f*s = 67 + 9. Calculate the remainder when s is divided by 4.
2
Let r = 245 - 119. Suppose 65*f - 76*f = -209. Calculate the remainder when r is divided by f.
12
Suppose -117*b + 112*b - 340 = 0. Let x = -51 - b. Suppose 2*j + x - 89 = 3*n, -62 = -2*j - 2*n. What is the remainder when j is divided by 9?
6
Suppose 0 = -156*c + 37118 + 10199 + 67499. What is the remainder when c is divided by 243?
7
Let d = 4891 - 3934. What is the remainder when d is divided by 160?
157
Suppose 91*j - 42*j - 6285 = 34*j. Calculate the remainder when j is divided by 151.
117
Suppose -l + 37 = 44*n - 41*n, -l + 5*n - 27 = 0. Let u(z) = z**3 - 5*z**2 + 4*z + 2. Calculate the remainder when u(5) is divided by l.
9
Let r = -30 + 15. Let a = r - -49. What is the remainder when a is divided by 3 - 0 - (69 + -63) - -8?
4
Let l = 500 - 285. Suppose 0*w - 6 = -w. What is the remainder when l is divided by w?
5
Let t(g) = g**3 + 22*g**2 - 53*g + 28. Calculate the remainder when t(-23) is divided by 8.
6
Let o be 2 + (3 + 85)/4. Suppose -o = -8*w + 5*w. Suppose 0 = 14*z - 11*z - 87. What is the remainder when z is divided by w?
5
Let s = 18034 + -14596. Calculate the remainder when s is divided by 19.
18
Let u(a) = 5*a**2 - 34*a + 12. Let m be u(8). What is the remainder when 118*1 + (-10)/m*-12 is divided by 63?
57
Suppose 50*w - 73*w + 115 = 0. Suppose -2*a + 21 + 41 = 2*t, w*t - 143 = -a. Calculate the remainder when 1594 is divided by t.
26
Suppose 28 = -t + 4*z + 160, t = -5*z + 87. Let a = t + 17. What is the remainder when a is divided by 10?
9
Let p(s) = 2*s**3 - 21*s**2 + 9*s + 15. Let y be p(10). Suppose 1306 = 2*h - 4*m, y*m - 7 - 8 = 0. Calculate the remainder when h is divided by 15.
14
Suppose 1002*h = 1021*h - 33896. Calculate the remainder when h is divided by 12.
8
Let f(p) = -8*p**2 - 20*p - 69. Let y be f(-8). Let x = -63 - y. What is the remainder when x is divided by 72?
70
S